{"id":5994,"date":"2024-09-25T17:28:52","date_gmt":"2024-09-25T15:28:52","guid":{"rendered":"https:\/\/www.mplusb.eu\/?post_type=project&#038;p=5994"},"modified":"2024-09-25T17:28:52","modified_gmt":"2024-09-25T15:28:52","slug":"rise-of-the-sunken-sun","status":"publish","type":"project","link":"https:\/\/www.mplusb.eu\/it\/project\/rise-of-the-sunken-sun\/","title":{"rendered":"Rise of the Sunken Sun &#8211; Inuuteq Storch"},"content":{"rendered":"<p style=\"text-align: center;\"><h2 id=\"\" class=\"title title--m text-center\"><b><strong>Rise of the Sunken Sun<\/strong><\/b><\/h2>\n<p style=\"text-align: center;\"><h3 id=\"\" class=\"title title--subtitle text-center\">\n<p class=\"Pa1\" style=\"text-align: center;\">PADIGLIONE DANIMARCA, 60a ESPOSIZIONE INTERNAZIONALE ARTE, BIENNALE DI VENEZIA 2024<\/p>\n<p style=\"text-align: center;\"><\/h3>\n<p style=\"text-align: center;\">A cura di Louise Wolthers<\/p>\n<p style=\"text-align: center;\">Artista: Inuuteq Storch<\/p>\n<p style=\"text-align: center;\">Commissionato da Danish Arts Foundation<\/p>\n<p style=\"text-align: center;\"><strong>Produzione e Installazione<\/strong><\/p>\n<p>&nbsp;<\/p>\n<section class=\"single-entry__flex\">\n<header class=\"single-entry__title__title\"><\/header>\n<\/section>\n<p>Il Padiglione danese presenta <em>Rise of the Sunken Sun<\/em>, una mostra fotografica dell&#8217;artista groenlandese Inuuteq Storch, curata da Louise Wolthers.<\/p>\n<p>\u00c8 la prima volta che il Padiglione danese presenta una grande mostra di un artista della Groenlandia, nonch\u00e9 la sua prima presentazione dedicata alla fotografia. In linea con il tema curatoriale della Biennale Arte 2024, <em>Stranieri Ovunque &#8211; Foreigners Everywhere<\/em>, la mostra di Storch per il Padiglione danese\u00a0approfondisce il concetto di <strong>impegno in un processo decoloniale<\/strong>, sottolineando la <strong>ricerca di riconoscimento<\/strong>, con una sensibile consapevolezza delle <strong>complessit\u00e0 all&#8217;interno delle identit\u00e0 nazionali, culturali e personali.<\/strong><\/p>\n<p>&nbsp;<\/p>\n<h2><strong>IL PROGETTO ARTISTICO GENERALE DI INUUTEQ STORCH<\/strong><\/h2>\n<blockquote><p><strong>&#8220;Raccontare la storia visiva dei groenlandesi, non vista attraverso gli occhi dei visitatori, ma attraverso i groenlandesi stessi<\/strong>.&#8221;<br \/>\nInuuteq Storch<\/p><\/blockquote>\n<p>L&#8217;artista corregge ed estende la visione prevalente della Groenlandia, un territorio autonomo e autogovernato all&#8217;interno del Regno di Danimarca. Il suo lavoro esamina l&#8217;espansivit\u00e0 dell&#8217;identit\u00e0 groenlandese, fondendo perfettamente fotografie storiche e di famiglia con istantanee contemporanee della vita quotidiana.<\/p>\n<p><em>Rise of the Sunken Sun<\/em> presenta un&#8217;ampia selezione di opere fotografiche, in nuovi formati specifici per il sito, ricontestualizzando opere storiche e contemporanee attraverso la giustapposizione. Completata da composizioni musicali e paesaggi sonori, la mostra include anche un elemento scultoreo che ricorda un disco rosso e luminoso tagliato a met\u00e0. L&#8217;opera simboleggia il tramonto artico sul paesaggio ghiacciato bianco, con allusioni alla bandiera groenlandese, alle credenze tradizionali Inuit e al titolo della mostra.<\/p>\n<p>La presentazione di Storch \u00e8 composta da centinaia di fotografie scattate con varie fotocamere. Ogni immagine racconta in modo unico una storia sulla vita e l&#8217;identit\u00e0 groenlandese, sia storicamente che oggi. Le opere includono le fotografie crude, intime e poetiche di Storch sulla sua vita nella sua citt\u00e0 natale di Sisimiut; immagini dagli archivi fotografici della sua famiglia; cos\u00ec come una raccolta digitalizzata di fotografie storiche di John M\u00f8ller, il primo fotografo professionista groenlandese. Il padiglione danese si trasforma cos\u00ec in un caleidoscopio, offrendo una narrazione visiva in continua evoluzione che rimane saldamente radicata nell&#8217;esperienza, nella vita e nell&#8217;identit\u00e0 groenlandese.<\/p>\n<h2>DA DANMARK A KALAALLIT NUNAAT<\/h2>\n<p><em>Rise of the Sunken Sun<\/em> si concentra sulla trasmissione di storie personali alle proprie condizioni. In linea con questa etica, Storch ha montato un cartello trasparente in cima al cartello DANMARK del padiglione, con le parole &#8220;Kalaallit Nunaat&#8221;, che si traduce in &#8220;Groenlandia&#8221; e letteralmente significa &#8220;terra del popolo&#8221; in groenlandese. Questo atto sottile articola abilmente i legami intrecciati tra i due paesi, sottolineando l&#8217;impegno di Storch nel mostrare e celebrare la Groenlandia attraverso una narrazione visiva della vita quotidiana.<\/p>\n<p>Sito Web: <strong><a href=\"https:\/\/www.kunst.dk\/english\/art-forms\/visual-arts\/danish-pavilion\" target=\"_blank\" rel=\"noopener\">kunst.dk\/danish-pavilion<\/a><\/strong><\/p>\n<p>&nbsp;<\/p>\n<p>Foto di Ugo Carmeni<\/p>\n<p>&nbsp;<\/p>\n<p>Esplora le ultime mostre al Padiglione danese e la collaborazione in corso con M+B Studio: <strong><a href=\"https:\/\/www.mplusb.eu\/project\/coastal-imaginaries\/\" target=\"_blank\" rel=\"noopener\">2023<\/a><\/strong> &#8211; <strong><a href=\"https:\/\/www.mplusb.eu\/project\/we-walked-the-earth-uffe-isolotto\/\" target=\"_blank\" rel=\"noopener\">2022<\/a><\/strong> &#8211; <strong><a href=\"https:\/\/www.mplusb.eu\/project\/con-nec-ted-ness-danish-pavilion\/\" target=\"_blank\" rel=\"noopener\">2021<\/a><\/strong> [&#8230;]<\/p>\n","protected":false},"excerpt":{"rendered":"<p>PADIGLIONE DANIMARCA, 60a ESPOSIZIONE INTERNAZIONALE ARTE, BIENNALE DI VENEZIA 2024<\/p>\n","protected":false},"author":3,"featured_media":6200,"menu_order":0,"template":"","meta":{"footnotes":""},"service":[15],"class_list":["post-5994","project","type-project","status-publish","has-post-thumbnail","hentry","service-exhibition-design-management-it"],"yoast_head":"<!-- This site is optimized with the Yoast SEO plugin v20.1 - https:\/\/yoast.com\/wordpress\/plugins\/seo\/ -->\n<title>Rise of the Sunken Sun - Inuuteq Storch<\/title>\n<meta name=\"description\" content=\"Il Padiglione danese presenta Rise of the Sunken Sun, una mostra fotografica dell&#039;artista Inuuteq Storch - in collaborazione con M+B Studio\" \/>\n<meta name=\"robots\" content=\"index, follow, max-snippet:-1, max-image-preview:large, max-video-preview:-1\" \/>\n<link rel=\"canonical\" href=\"https:\/\/www.mplusb.eu\/it\/project\/rise-of-the-sunken-sun\/\" \/>\n<meta property=\"og:locale\" content=\"it_IT\" \/>\n<meta property=\"og:type\" content=\"article\" \/>\n<meta property=\"og:title\" content=\"Rise of the Sunken Sun - Inuuteq Storch\" \/>\n<meta property=\"og:description\" content=\"Il Padiglione danese presenta Rise of the Sunken Sun, una mostra fotografica dell&#039;artista Inuuteq Storch - in collaborazione con M+B Studio\" \/>\n<meta property=\"og:url\" content=\"https:\/\/www.mplusb.eu\/it\/project\/rise-of-the-sunken-sun\/\" \/>\n<meta property=\"og:site_name\" content=\"M+B\" \/>\n<meta property=\"og:image\" content=\"https:\/\/www.mplusb.eu\/wp-content\/uploads\/2024\/09\/22_Danish_Pavilion_\u00a9_UgoCarmeni_2024.jpg\" \/>\n\t<meta property=\"og:image:width\" content=\"2500\" \/>\n\t<meta property=\"og:image:height\" content=\"1607\" \/>\n\t<meta property=\"og:image:type\" content=\"image\/jpeg\" \/>\n<meta name=\"twitter:card\" content=\"summary_large_image\" \/>\n<script type=\"application\/ld+json\" class=\"yoast-schema-graph\">{\"@context\":\"https:\/\/schema.org\",\"@graph\":[{\"@type\":\"WebPage\",\"@id\":\"https:\/\/www.mplusb.eu\/it\/project\/rise-of-the-sunken-sun\/\",\"url\":\"https:\/\/www.mplusb.eu\/it\/project\/rise-of-the-sunken-sun\/\",\"name\":\"Rise of the Sunken Sun - Inuuteq Storch\",\"isPartOf\":{\"@id\":\"https:\/\/www.mplusb.eu\/#website\"},\"datePublished\":\"2024-09-25T15:28:52+00:00\",\"dateModified\":\"2024-09-25T15:28:52+00:00\",\"description\":\"Il Padiglione danese presenta Rise of the Sunken Sun, una mostra fotografica dell'artista Inuuteq Storch - in collaborazione con M+B Studio\",\"breadcrumb\":{\"@id\":\"https:\/\/www.mplusb.eu\/it\/project\/rise-of-the-sunken-sun\/#breadcrumb\"},\"inLanguage\":\"it-IT\",\"potentialAction\":[{\"@type\":\"ReadAction\",\"target\":[\"https:\/\/www.mplusb.eu\/it\/project\/rise-of-the-sunken-sun\/\"]}]},{\"@type\":\"BreadcrumbList\",\"@id\":\"https:\/\/www.mplusb.eu\/it\/project\/rise-of-the-sunken-sun\/#breadcrumb\",\"itemListElement\":[{\"@type\":\"ListItem\",\"position\":1,\"name\":\"Home\",\"item\":\"https:\/\/www.mplusb.eu\/it\/\"},{\"@type\":\"ListItem\",\"position\":2,\"name\":\"Rise of the Sunken Sun &#8211; Inuuteq Storch\"}]},{\"@type\":\"WebSite\",\"@id\":\"https:\/\/www.mplusb.eu\/#website\",\"url\":\"https:\/\/www.mplusb.eu\/\",\"name\":\"M+B\",\"description\":\"\",\"potentialAction\":[{\"@type\":\"SearchAction\",\"target\":{\"@type\":\"EntryPoint\",\"urlTemplate\":\"https:\/\/www.mplusb.eu\/?s={search_term_string}\"},\"query-input\":\"required name=search_term_string\"}],\"inLanguage\":\"it-IT\"}]}<\/script>\n<!-- \/ Yoast SEO plugin. -->","yoast_head_json":{"title":"Rise of the Sunken Sun - Inuuteq Storch","description":"Il Padiglione danese presenta Rise of the Sunken Sun, una mostra fotografica dell'artista Inuuteq Storch - in collaborazione con M+B Studio","robots":{"index":"index","follow":"follow","max-snippet":"max-snippet:-1","max-image-preview":"max-image-preview:large","max-video-preview":"max-video-preview:-1"},"canonical":"https:\/\/www.mplusb.eu\/it\/project\/rise-of-the-sunken-sun\/","og_locale":"it_IT","og_type":"article","og_title":"Rise of the Sunken Sun - Inuuteq Storch","og_description":"Il Padiglione danese presenta Rise of the Sunken Sun, una mostra fotografica dell'artista Inuuteq Storch - in collaborazione con M+B Studio","og_url":"https:\/\/www.mplusb.eu\/it\/project\/rise-of-the-sunken-sun\/","og_site_name":"M+B","og_image":[{"width":2500,"height":1607,"url":"https:\/\/www.mplusb.eu\/wp-content\/uploads\/2024\/09\/22_Danish_Pavilion_\u00a9_UgoCarmeni_2024.jpg","type":"image\/jpeg"}],"twitter_card":"summary_large_image","schema":{"@context":"https:\/\/schema.org","@graph":[{"@type":"WebPage","@id":"https:\/\/www.mplusb.eu\/it\/project\/rise-of-the-sunken-sun\/","url":"https:\/\/www.mplusb.eu\/it\/project\/rise-of-the-sunken-sun\/","name":"Rise of the Sunken Sun - Inuuteq Storch","isPartOf":{"@id":"https:\/\/www.mplusb.eu\/#website"},"datePublished":"2024-09-25T15:28:52+00:00","dateModified":"2024-09-25T15:28:52+00:00","description":"Il Padiglione danese presenta Rise of the Sunken Sun, una mostra fotografica dell'artista Inuuteq Storch - in collaborazione con M+B Studio","breadcrumb":{"@id":"https:\/\/www.mplusb.eu\/it\/project\/rise-of-the-sunken-sun\/#breadcrumb"},"inLanguage":"it-IT","potentialAction":[{"@type":"ReadAction","target":["https:\/\/www.mplusb.eu\/it\/project\/rise-of-the-sunken-sun\/"]}]},{"@type":"BreadcrumbList","@id":"https:\/\/www.mplusb.eu\/it\/project\/rise-of-the-sunken-sun\/#breadcrumb","itemListElement":[{"@type":"ListItem","position":1,"name":"Home","item":"https:\/\/www.mplusb.eu\/it\/"},{"@type":"ListItem","position":2,"name":"Rise of the Sunken Sun &#8211; Inuuteq Storch"}]},{"@type":"WebSite","@id":"https:\/\/www.mplusb.eu\/#website","url":"https:\/\/www.mplusb.eu\/","name":"M+B","description":"","potentialAction":[{"@type":"SearchAction","target":{"@type":"EntryPoint","urlTemplate":"https:\/\/www.mplusb.eu\/?s={search_term_string}"},"query-input":"required name=search_term_string"}],"inLanguage":"it-IT"}]}},"_links":{"self":[{"href":"https:\/\/www.mplusb.eu\/it\/wp-json\/wp\/v2\/project\/5994","targetHints":{"allow":["GET"]}}],"collection":[{"href":"https:\/\/www.mplusb.eu\/it\/wp-json\/wp\/v2\/project"}],"about":[{"href":"https:\/\/www.mplusb.eu\/it\/wp-json\/wp\/v2\/types\/project"}],"author":[{"embeddable":true,"href":"https:\/\/www.mplusb.eu\/it\/wp-json\/wp\/v2\/users\/3"}],"version-history":[{"count":3,"href":"https:\/\/www.mplusb.eu\/it\/wp-json\/wp\/v2\/project\/5994\/revisions"}],"predecessor-version":[{"id":6209,"href":"https:\/\/www.mplusb.eu\/it\/wp-json\/wp\/v2\/project\/5994\/revisions\/6209"}],"wp:featuredmedia":[{"embeddable":true,"href":"https:\/\/www.mplusb.eu\/it\/wp-json\/wp\/v2\/media\/6200"}],"wp:attachment":[{"href":"https:\/\/www.mplusb.eu\/it\/wp-json\/wp\/v2\/media?parent=5994"}],"wp:term":[{"taxonomy":"service","embeddable":true,"href":"https:\/\/www.mplusb.eu\/it\/wp-json\/wp\/v2\/service?post=5994"}],"curies":[{"name":"wp","href":"https:\/\/api.w.org\/{rel}","templated":true}]}}

<p style="text-align: center;"><h2 id="" class="title title--m text-center"><b><strong>Rise of the Sunken Sun</strong></b></h2>
<p style="text-align: center;"><h3 id="" class="title title--subtitle text-center">
<p class="Pa1" style="text-align: center;">PADIGLIONE DANIMARCA, 60a ESPOSIZIONE INTERNAZIONALE ARTE, BIENNALE DI VENEZIA 2024</p>
<p style="text-align: center;"></h3>
<p style="text-align: center;">A cura di Louise Wolthers</p>
<p style="text-align: center;">Artista: Inuuteq Storch</p>
<p style="text-align: center;">Commissionato da Danish Arts Foundation</p>
<p style="text-align: center;"><strong>Produzione e Installazione</strong></p>
<p>&nbsp;</p>
<section class="single-entry__flex">
<header class="single-entry__title__title"></header>
</section>
<p>Il Padiglione danese presenta <em>Rise of the Sunken Sun</em>, una mostra fotografica dell&#8217;artista groenlandese Inuuteq Storch, curata da Louise Wolthers.</p>
<p>È la prima volta che il Padiglione danese presenta una grande mostra di un artista della Groenlandia, nonché la sua prima presentazione dedicata alla fotografia. In linea con il tema curatoriale della Biennale Arte 2024, <em>Stranieri Ovunque &#8211; Foreigners Everywhere</em>, la mostra di Storch per il Padiglione danese approfondisce il concetto di <strong>impegno in un processo decoloniale</strong>, sottolineando la <strong>ricerca di riconoscimento</strong>, con una sensibile consapevolezza delle <strong>complessità all&#8217;interno delle identità nazionali, culturali e personali.</strong></p>
<p>&nbsp;</p>
<h2><strong>IL PROGETTO ARTISTICO GENERALE DI INUUTEQ STORCH</strong></h2>
<blockquote><p><strong>&#8220;Raccontare la storia visiva dei groenlandesi, non vista attraverso gli occhi dei visitatori, ma attraverso i groenlandesi stessi</strong>.&#8221;<br />
Inuuteq Storch</p></blockquote>
<p>L&#8217;artista corregge ed estende la visione prevalente della Groenlandia, un territorio autonomo e autogovernato all&#8217;interno del Regno di Danimarca. Il suo lavoro esamina l&#8217;espansività dell&#8217;identità groenlandese, fondendo perfettamente fotografie storiche e di famiglia con istantanee contemporanee della vita quotidiana.</p>
<p><em>Rise of the Sunken Sun</em> presenta un&#8217;ampia selezione di opere fotografiche, in nuovi formati specifici per il sito, ricontestualizzando opere storiche e contemporanee attraverso la giustapposizione. Completata da composizioni musicali e paesaggi sonori, la mostra include anche un elemento scultoreo che ricorda un disco rosso e luminoso tagliato a metà. L&#8217;opera simboleggia il tramonto artico sul paesaggio ghiacciato bianco, con allusioni alla bandiera groenlandese, alle credenze tradizionali Inuit e al titolo della mostra.</p>
<p>La presentazione di Storch è composta da centinaia di fotografie scattate con varie fotocamere. Ogni immagine racconta in modo unico una storia sulla vita e l&#8217;identità groenlandese, sia storicamente che oggi. Le opere includono le fotografie crude, intime e poetiche di Storch sulla sua vita nella sua città natale di Sisimiut; immagini dagli archivi fotografici della sua famiglia; così come una raccolta digitalizzata di fotografie storiche di John Møller, il primo fotografo professionista groenlandese. Il padiglione danese si trasforma così in un caleidoscopio, offrendo una narrazione visiva in continua evoluzione che rimane saldamente radicata nell&#8217;esperienza, nella vita e nell&#8217;identità groenlandese.</p>
<h2>DA DANMARK A KALAALLIT NUNAAT</h2>
<p><em>Rise of the Sunken Sun</em> si concentra sulla trasmissione di storie personali alle proprie condizioni. In linea con questa etica, Storch ha montato un cartello trasparente in cima al cartello DANMARK del padiglione, con le parole &#8220;Kalaallit Nunaat&#8221;, che si traduce in &#8220;Groenlandia&#8221; e letteralmente significa &#8220;terra del popolo&#8221; in groenlandese. Questo atto sottile articola abilmente i legami intrecciati tra i due paesi, sottolineando l&#8217;impegno di Storch nel mostrare e celebrare la Groenlandia attraverso una narrazione visiva della vita quotidiana.</p>
<p>Sito Web: <strong><a href="https://www.kunst.dk/english/art-forms/visual-arts/danish-pavilion" target="_blank" rel="noopener">kunst.dk/danish-pavilion</a></strong></p>
<p>&nbsp;</p>
<p>Foto di Ugo Carmeni</p>
<p>&nbsp;</p>
<p>Esplora le ultime mostre al Padiglione danese e la collaborazione in corso con M+B Studio: <strong><a href="https://www.mplusb.eu/project/coastal-imaginaries/" target="_blank" rel="noopener">2023</a></strong> &#8211; <strong><a href="https://www.mplusb.eu/project/we-walked-the-earth-uffe-isolotto/" target="_blank" rel="noopener">2022</a></strong> &#8211; <strong><a href="https://www.mplusb.eu/project/con-nec-ted-ness-danish-pavilion/" target="_blank" rel="noopener">2021</a></strong> [&#8230;]</p>
