{"id":5323,"date":"2022-09-14T16:40:32","date_gmt":"2022-09-14T14:40:32","guid":{"rendered":"https:\/\/www.mplusb.eu\/?post_type=project&#038;p=5323"},"modified":"2022-09-14T16:40:32","modified_gmt":"2022-09-14T14:40:32","slug":"we-walked-the-earth-uffe-isolotto","status":"publish","type":"project","link":"https:\/\/www.mplusb.eu\/it\/project\/we-walked-the-earth-uffe-isolotto\/","title":{"rendered":"WE WALKED THE EARTH &#8211; UFFE ISOLOTTO"},"content":{"rendered":"<p style=\"text-align: center;\"><h2 id=\"\" class=\"title title--m text-center\"><strong>WE WALKED THE EARTH<\/strong><\/h2>\n<h3 id=\"\" class=\"title title--subtitle text-center\">\n<p class=\"Pa1\" style=\"text-align: center;\">PADIGLIONE DANIMARCA, 59a ESPOSIZIONE INTERNAZIONALE ARTE, BIENNALE DI VENEZIA 2022<\/p>\n<p style=\"text-align: center;\"><\/h3>\n<p style=\"text-align: center;\">A cura di Jacob Lillemose<\/p>\n<p style=\"text-align: center;\">Artista: <strong>Uffe Isolotto<\/strong><\/p>\n<p style=\"text-align: center;\">Commissionato da Danish Arts Foundation<\/p>\n<p style=\"text-align: center;\"><strong>Exhibition Coordination a Venezia<\/strong><\/p>\n<p>&nbsp;<\/p>\n<p>Il Padiglione DANIMARCA ospita il progetto dell&#8217;artista Uffe Isolotto intitolato <em><strong>We Walked the Earth<\/strong><\/em>, <strong>una narrazione di vita e di morte, speranza e disperazione, ambientata in un mondo trans-umano abitato da centauri.<\/strong><\/p>\n<p style=\"text-align: center;\">Alla luce della lunga collaborazione con il Danish Art Foundation, gli artisti e le artiste coinvolti nelle <a href=\"https:\/\/www.mplusb.eu\/it\/project\/con-nec-ted-ness-danish-pavilion\/\" target=\"_blank\" rel=\"noopener\">edizioni precedenti<\/a> e il Danish Agency for Culture and Palaces di Copenhagen, in relazione al <a href=\"https:\/\/www.mplusb.eu\/project\/denmark\/\" target=\"_blank\" rel=\"noopener\">Pavilion Management<\/a>,<strong>\u00a0M+B Studio<\/strong> ha collaborato con Uffe Isolotto e il suo team di esperti nel ruolo di <strong>Local Exhibition Coordinator<\/strong> a Venezia.<\/p>\n<p>&nbsp;<\/p>\n<p><em><strong>We Walked the Earth<\/strong><\/em> invita il pubblico a entrare in un mondo iperrealistico nel quale elementi provenienti dalla cultura idilliaca della vita agreste danese con particolari fenomeni futuristici sci-fi per creare l&#8217;immaginario di un presente incerto.<\/p>\n<p>Occupando tutti gli spazi del padiglione, <em><strong>We Walked the Earth<\/strong><\/em> presenta un dramma inedito e sorprendente incentrato su una famiglia di centauri. I visitatori entrarenno nella loro casa e incontreranno gli abitanti camminando all&#8217;interno delle stanze, dei loro oggetti, del loro cibo.<\/p>\n<p>Non sar\u00e0 cos\u00ec ovvio capire cosa sia successo loro e in quale mondo vivono. L&#8217;intero scenario sar\u00e0 perseguitato da una profonda incertezza. Sar\u00e0 impossibile dire se \u00e8 tragico o pieno di speranza, o forse entrambi.<\/p>\n<p>Mentre i centauri all&#8217;inizio sembreranno strani, la loro lotta non lo sar\u00e0. Di fronte alle difficili realt\u00e0 di un mondo in continua evoluzione, la famiglia vivr\u00e0 una profonda lotta esistenziale ed ecologica. \u00c8 la lotta fondamentale per navigare in un presente che sta diventando sempre pi\u00f9 complesso e imprevedibile. Chi diventiamo quando il mondo che conosciamo non esiste pi\u00f9? Cerchiamo rifugio in ci\u00f2 che eravamo o cerchiamo vie di fuga in ci\u00f2 che potremmo diventare?<\/p>\n<p><strong>We Walked the Earth<\/strong> emerge dalla duratura esplorazione di Isolotto sulle intersezioni del corpo e della macchina che conduce a una nuova scala con questa elaborata installazione totale.<\/p>\n<p>&nbsp;<\/p>\n<p><a href=\"https:\/\/www.kunst.dk\/english\/art-forms\/visual-arts\/danish-pavilion\" target=\"_blank\" rel=\"noopener\"><strong>OFFICIAL WEB SITE<\/strong><\/a><\/p>\n<p>&nbsp;<\/p>\n<p>Social Media<\/p>\n<p>Entra nel mondo di We Walked the Earth seguendo @wewalkedtheearth e @danishpavilion<br \/>\ne usando gli hashtag #WeWalkedTheEarth, #UffeIsolotto, #DanishPavilion2022 e #BiennaleArte2022<\/p>\n<p>&nbsp;<\/p>\n<p>Photo Credits:<\/p>\n<p>Installation view: Uffe Isolotto, <em>We Walked the Earth<\/em>, Pavilion of Denmark, Biennale Arte, 2022. Ph. Ugo Carmeni<\/p>\n<p>Disegni: Uffe Isolotto, <em>We Walked the Earth<\/em>, 2022.\u00a0Concept Art accompanying the hyperrealistic installation.\u00a0The Danish Pavilion, La Biennale di Venezia 2022.<\/p>\n<p>&nbsp;<\/p>\n<p>&nbsp;<\/p>\n<p>&nbsp;<\/p>\n","protected":false},"excerpt":{"rendered":"<p>PADIGLIONE DANIMARCA, 59a ESPOSIZIONE INTERNAZIONALE ARTE, BIENNALE DI VENEZIA 2022<\/p>\n","protected":false},"author":3,"featured_media":5334,"menu_order":0,"template":"","meta":{"footnotes":""},"service":[15],"class_list":["post-5323","project","type-project","status-publish","has-post-thumbnail","hentry","service-exhibition-design-management-it"],"yoast_head":"<!-- This site is optimized with the Yoast SEO plugin v20.1 - https:\/\/yoast.com\/wordpress\/plugins\/seo\/ -->\n<title>WE WALKED THE EARTH - UFFE ISOLOTTO - Biennale Arte 2022<\/title>\n<meta name=\"description\" content=\"Il Padiglione DANIMARCA ospita il progetto dell&#039;artista Uffe Isolotto intitolato We Walked the Earth in collaborazione con M+B Studio\" \/>\n<meta name=\"robots\" content=\"index, follow, max-snippet:-1, max-image-preview:large, max-video-preview:-1\" \/>\n<link rel=\"canonical\" href=\"https:\/\/www.mplusb.eu\/it\/project\/we-walked-the-earth-uffe-isolotto\/\" \/>\n<meta property=\"og:locale\" content=\"it_IT\" \/>\n<meta property=\"og:type\" content=\"article\" \/>\n<meta property=\"og:title\" content=\"WE WALKED THE EARTH - UFFE ISOLOTTO - Biennale Arte 2022\" \/>\n<meta property=\"og:description\" content=\"Il Padiglione DANIMARCA ospita il progetto dell&#039;artista Uffe Isolotto intitolato We Walked the Earth in collaborazione con M+B Studio\" \/>\n<meta property=\"og:url\" content=\"https:\/\/www.mplusb.eu\/it\/project\/we-walked-the-earth-uffe-isolotto\/\" \/>\n<meta property=\"og:site_name\" content=\"M+B\" \/>\n<meta property=\"og:image\" content=\"https:\/\/www.mplusb.eu\/wp-content\/uploads\/2022\/05\/Uffe-Isolotto.-We-Walked-the-Earth.-Pavilion-of-Denmark-Biennale-Arte-2022_\u00a9_ugo_carmeni_05-scaled.jpg\" \/>\n\t<meta property=\"og:image:width\" content=\"2560\" \/>\n\t<meta property=\"og:image:height\" content=\"1920\" \/>\n\t<meta property=\"og:image:type\" content=\"image\/jpeg\" \/>\n<meta name=\"twitter:card\" content=\"summary_large_image\" \/>\n<script type=\"application\/ld+json\" class=\"yoast-schema-graph\">{\"@context\":\"https:\/\/schema.org\",\"@graph\":[{\"@type\":\"WebPage\",\"@id\":\"https:\/\/www.mplusb.eu\/it\/project\/we-walked-the-earth-uffe-isolotto\/\",\"url\":\"https:\/\/www.mplusb.eu\/it\/project\/we-walked-the-earth-uffe-isolotto\/\",\"name\":\"WE WALKED THE EARTH - UFFE ISOLOTTO - Biennale Arte 2022\",\"isPartOf\":{\"@id\":\"https:\/\/www.mplusb.eu\/#website\"},\"datePublished\":\"2022-09-14T14:40:32+00:00\",\"dateModified\":\"2022-09-14T14:40:32+00:00\",\"description\":\"Il Padiglione DANIMARCA ospita il progetto dell'artista Uffe Isolotto intitolato We Walked the Earth in collaborazione con M+B Studio\",\"breadcrumb\":{\"@id\":\"https:\/\/www.mplusb.eu\/it\/project\/we-walked-the-earth-uffe-isolotto\/#breadcrumb\"},\"inLanguage\":\"it-IT\",\"potentialAction\":[{\"@type\":\"ReadAction\",\"target\":[\"https:\/\/www.mplusb.eu\/it\/project\/we-walked-the-earth-uffe-isolotto\/\"]}]},{\"@type\":\"BreadcrumbList\",\"@id\":\"https:\/\/www.mplusb.eu\/it\/project\/we-walked-the-earth-uffe-isolotto\/#breadcrumb\",\"itemListElement\":[{\"@type\":\"ListItem\",\"position\":1,\"name\":\"Home\",\"item\":\"https:\/\/www.mplusb.eu\/it\/\"},{\"@type\":\"ListItem\",\"position\":2,\"name\":\"WE WALKED THE EARTH &#8211; UFFE ISOLOTTO\"}]},{\"@type\":\"WebSite\",\"@id\":\"https:\/\/www.mplusb.eu\/#website\",\"url\":\"https:\/\/www.mplusb.eu\/\",\"name\":\"M+B\",\"description\":\"\",\"potentialAction\":[{\"@type\":\"SearchAction\",\"target\":{\"@type\":\"EntryPoint\",\"urlTemplate\":\"https:\/\/www.mplusb.eu\/?s={search_term_string}\"},\"query-input\":\"required name=search_term_string\"}],\"inLanguage\":\"it-IT\"}]}<\/script>\n<!-- \/ Yoast SEO plugin. -->","yoast_head_json":{"title":"WE WALKED THE EARTH - UFFE ISOLOTTO - Biennale Arte 2022","description":"Il Padiglione DANIMARCA ospita il progetto dell'artista Uffe Isolotto intitolato We Walked the Earth in collaborazione con M+B Studio","robots":{"index":"index","follow":"follow","max-snippet":"max-snippet:-1","max-image-preview":"max-image-preview:large","max-video-preview":"max-video-preview:-1"},"canonical":"https:\/\/www.mplusb.eu\/it\/project\/we-walked-the-earth-uffe-isolotto\/","og_locale":"it_IT","og_type":"article","og_title":"WE WALKED THE EARTH - UFFE ISOLOTTO - Biennale Arte 2022","og_description":"Il Padiglione DANIMARCA ospita il progetto dell'artista Uffe Isolotto intitolato We Walked the Earth in collaborazione con M+B Studio","og_url":"https:\/\/www.mplusb.eu\/it\/project\/we-walked-the-earth-uffe-isolotto\/","og_site_name":"M+B","og_image":[{"width":2560,"height":1920,"url":"https:\/\/www.mplusb.eu\/wp-content\/uploads\/2022\/05\/Uffe-Isolotto.-We-Walked-the-Earth.-Pavilion-of-Denmark-Biennale-Arte-2022_\u00a9_ugo_carmeni_05-scaled.jpg","type":"image\/jpeg"}],"twitter_card":"summary_large_image","schema":{"@context":"https:\/\/schema.org","@graph":[{"@type":"WebPage","@id":"https:\/\/www.mplusb.eu\/it\/project\/we-walked-the-earth-uffe-isolotto\/","url":"https:\/\/www.mplusb.eu\/it\/project\/we-walked-the-earth-uffe-isolotto\/","name":"WE WALKED THE EARTH - UFFE ISOLOTTO - Biennale Arte 2022","isPartOf":{"@id":"https:\/\/www.mplusb.eu\/#website"},"datePublished":"2022-09-14T14:40:32+00:00","dateModified":"2022-09-14T14:40:32+00:00","description":"Il Padiglione DANIMARCA ospita il progetto dell'artista Uffe Isolotto intitolato We Walked the Earth in collaborazione con M+B Studio","breadcrumb":{"@id":"https:\/\/www.mplusb.eu\/it\/project\/we-walked-the-earth-uffe-isolotto\/#breadcrumb"},"inLanguage":"it-IT","potentialAction":[{"@type":"ReadAction","target":["https:\/\/www.mplusb.eu\/it\/project\/we-walked-the-earth-uffe-isolotto\/"]}]},{"@type":"BreadcrumbList","@id":"https:\/\/www.mplusb.eu\/it\/project\/we-walked-the-earth-uffe-isolotto\/#breadcrumb","itemListElement":[{"@type":"ListItem","position":1,"name":"Home","item":"https:\/\/www.mplusb.eu\/it\/"},{"@type":"ListItem","position":2,"name":"WE WALKED THE EARTH &#8211; UFFE ISOLOTTO"}]},{"@type":"WebSite","@id":"https:\/\/www.mplusb.eu\/#website","url":"https:\/\/www.mplusb.eu\/","name":"M+B","description":"","potentialAction":[{"@type":"SearchAction","target":{"@type":"EntryPoint","urlTemplate":"https:\/\/www.mplusb.eu\/?s={search_term_string}"},"query-input":"required name=search_term_string"}],"inLanguage":"it-IT"}]}},"_links":{"self":[{"href":"https:\/\/www.mplusb.eu\/it\/wp-json\/wp\/v2\/project\/5323","targetHints":{"allow":["GET"]}}],"collection":[{"href":"https:\/\/www.mplusb.eu\/it\/wp-json\/wp\/v2\/project"}],"about":[{"href":"https:\/\/www.mplusb.eu\/it\/wp-json\/wp\/v2\/types\/project"}],"author":[{"embeddable":true,"href":"https:\/\/www.mplusb.eu\/it\/wp-json\/wp\/v2\/users\/3"}],"version-history":[{"count":3,"href":"https:\/\/www.mplusb.eu\/it\/wp-json\/wp\/v2\/project\/5323\/revisions"}],"predecessor-version":[{"id":5431,"href":"https:\/\/www.mplusb.eu\/it\/wp-json\/wp\/v2\/project\/5323\/revisions\/5431"}],"wp:featuredmedia":[{"embeddable":true,"href":"https:\/\/www.mplusb.eu\/it\/wp-json\/wp\/v2\/media\/5334"}],"wp:attachment":[{"href":"https:\/\/www.mplusb.eu\/it\/wp-json\/wp\/v2\/media?parent=5323"}],"wp:term":[{"taxonomy":"service","embeddable":true,"href":"https:\/\/www.mplusb.eu\/it\/wp-json\/wp\/v2\/service?post=5323"}],"curies":[{"name":"wp","href":"https:\/\/api.w.org\/{rel}","templated":true}]}}

<p style="text-align: center;"><h2 id="" class="title title--m text-center"><strong>WE WALKED THE EARTH</strong></h2>
<h3 id="" class="title title--subtitle text-center">
<p class="Pa1" style="text-align: center;">PADIGLIONE DANIMARCA, 59a ESPOSIZIONE INTERNAZIONALE ARTE, BIENNALE DI VENEZIA 2022</p>
<p style="text-align: center;"></h3>
<p style="text-align: center;">A cura di Jacob Lillemose</p>
<p style="text-align: center;">Artista: <strong>Uffe Isolotto</strong></p>
<p style="text-align: center;">Commissionato da Danish Arts Foundation</p>
<p style="text-align: center;"><strong>Exhibition Coordination a Venezia</strong></p>
<p>&nbsp;</p>
<p>Il Padiglione DANIMARCA ospita il progetto dell&#8217;artista Uffe Isolotto intitolato <em><strong>We Walked the Earth</strong></em>, <strong>una narrazione di vita e di morte, speranza e disperazione, ambientata in un mondo trans-umano abitato da centauri.</strong></p>
<p style="text-align: center;">Alla luce della lunga collaborazione con il Danish Art Foundation, gli artisti e le artiste coinvolti nelle <a href="https://www.mplusb.eu/it/project/con-nec-ted-ness-danish-pavilion/" target="_blank" rel="noopener">edizioni precedenti</a> e il Danish Agency for Culture and Palaces di Copenhagen, in relazione al <a href="https://www.mplusb.eu/project/denmark/" target="_blank" rel="noopener">Pavilion Management</a>,<strong> M+B Studio</strong> ha collaborato con Uffe Isolotto e il suo team di esperti nel ruolo di <strong>Local Exhibition Coordinator</strong> a Venezia.</p>
<p>&nbsp;</p>
<p><em><strong>We Walked the Earth</strong></em> invita il pubblico a entrare in un mondo iperrealistico nel quale elementi provenienti dalla cultura idilliaca della vita agreste danese con particolari fenomeni futuristici sci-fi per creare l&#8217;immaginario di un presente incerto.</p>
<p>Occupando tutti gli spazi del padiglione, <em><strong>We Walked the Earth</strong></em> presenta un dramma inedito e sorprendente incentrato su una famiglia di centauri. I visitatori entrarenno nella loro casa e incontreranno gli abitanti camminando all&#8217;interno delle stanze, dei loro oggetti, del loro cibo.</p>
<p>Non sarà così ovvio capire cosa sia successo loro e in quale mondo vivono. L&#8217;intero scenario sarà perseguitato da una profonda incertezza. Sarà impossibile dire se è tragico o pieno di speranza, o forse entrambi.</p>
<p>Mentre i centauri all&#8217;inizio sembreranno strani, la loro lotta non lo sarà. Di fronte alle difficili realtà di un mondo in continua evoluzione, la famiglia vivrà una profonda lotta esistenziale ed ecologica. È la lotta fondamentale per navigare in un presente che sta diventando sempre più complesso e imprevedibile. Chi diventiamo quando il mondo che conosciamo non esiste più? Cerchiamo rifugio in ciò che eravamo o cerchiamo vie di fuga in ciò che potremmo diventare?</p>
<p><strong>We Walked the Earth</strong> emerge dalla duratura esplorazione di Isolotto sulle intersezioni del corpo e della macchina che conduce a una nuova scala con questa elaborata installazione totale.</p>
<p>&nbsp;</p>
<p><a href="https://www.kunst.dk/english/art-forms/visual-arts/danish-pavilion" target="_blank" rel="noopener"><strong>OFFICIAL WEB SITE</strong></a></p>
<p>&nbsp;</p>
<p>Social Media</p>
<p>Entra nel mondo di We Walked the Earth seguendo @wewalkedtheearth e @danishpavilion<br />
e usando gli hashtag #WeWalkedTheEarth, #UffeIsolotto, #DanishPavilion2022 e #BiennaleArte2022</p>
<p>&nbsp;</p>
<p>Photo Credits:</p>
<p>Installation view: Uffe Isolotto, <em>We Walked the Earth</em>, Pavilion of Denmark, Biennale Arte, 2022. Ph. Ugo Carmeni</p>
<p>Disegni: Uffe Isolotto, <em>We Walked the Earth</em>, 2022. Concept Art accompanying the hyperrealistic installation. The Danish Pavilion, La Biennale di Venezia 2022.</p>
<p>&nbsp;</p>
<p>&nbsp;</p>
<p>&nbsp;</p>
