{"id":3384,"date":"2021-04-08T12:24:35","date_gmt":"2021-04-08T10:24:35","guid":{"rendered":"https:\/\/mplusb.noooserver.com\/?post_type=project&#038;p=3384"},"modified":"2021-05-07T11:38:00","modified_gmt":"2021-05-07T09:38:00","slug":"canadissimo","status":"publish","type":"project","link":"https:\/\/www.mplusb.eu\/it\/project\/canadissimo\/","title":{"rendered":"CANADISSIMO"},"content":{"rendered":"<p style=\"text-align: center;\"><h2 id=\"\" class=\"title title--m text-center\"><strong>CANADISSIMO<\/strong><\/h2>\n<h3 id=\"\" class=\"title title--subtitle text-center\">\n<p style=\"text-align: center;\"><span style=\"font-weight: 400;\">Padiglione Canada, 56. Biennale Arte di Venezia (2015), Giardini Biennale, Venezia<\/span><\/p>\n<p style=\"text-align: center;\"><\/h3>\n<p style=\"text-align: center;\">Artista: BGL art collective &#8211; Jasmin Bilodeau, S\u00e9bastien Gigu\u00e8re, Nicolas Lavardi\u00e8re<br \/>\nCuratore: Marie Fraser<br \/>\nCommissario: Mark Mayer<br \/>\nOrganizzato da: National Gallery of Canada<\/p>\n","protected":false},"excerpt":{"rendered":"<p><span style=\"font-weight: 400;\">Padiglione Canada, 56. Biennale Arte di Venezia (2015), Giardini Biennale, Venezia<\/span><\/p>\n","protected":false},"author":2,"featured_media":3404,"menu_order":0,"template":"","meta":{"footnotes":""},"service":[15],"class_list":["post-3384","project","type-project","status-publish","has-post-thumbnail","hentry","service-exhibition-design-management-it"],"yoast_head":"<!-- This site is optimized with the Yoast SEO plugin v20.1 - https:\/\/yoast.com\/wordpress\/plugins\/seo\/ -->\n<title>CANADISSIMO - M+B<\/title>\n<meta name=\"robots\" content=\"index, follow, max-snippet:-1, max-image-preview:large, max-video-preview:-1\" \/>\n<link rel=\"canonical\" href=\"https:\/\/www.mplusb.eu\/it\/project\/canadissimo\/\" \/>\n<meta property=\"og:locale\" content=\"it_IT\" \/>\n<meta property=\"og:type\" content=\"article\" \/>\n<meta property=\"og:title\" content=\"CANADISSIMO - M+B\" \/>\n<meta property=\"og:description\" content=\"Padiglione Canada, 56. Biennale Arte di Venezia (2015), Giardini Biennale, Venezia\" \/>\n<meta property=\"og:url\" content=\"https:\/\/www.mplusb.eu\/it\/project\/canadissimo\/\" \/>\n<meta property=\"og:site_name\" content=\"M+B\" \/>\n<meta property=\"article:modified_time\" content=\"2021-05-07T09:38:00+00:00\" \/>\n<meta property=\"og:image\" content=\"https:\/\/www.mplusb.eu\/wp-content\/uploads\/2021\/04\/006-min-1.jpg\" \/>\n\t<meta property=\"og:image:width\" content=\"900\" \/>\n\t<meta property=\"og:image:height\" content=\"597\" \/>\n\t<meta property=\"og:image:type\" content=\"image\/jpeg\" \/>\n<meta name=\"twitter:card\" content=\"summary_large_image\" \/>\n<script type=\"application\/ld+json\" class=\"yoast-schema-graph\">{\"@context\":\"https:\/\/schema.org\",\"@graph\":[{\"@type\":\"WebPage\",\"@id\":\"https:\/\/www.mplusb.eu\/it\/project\/canadissimo\/\",\"url\":\"https:\/\/www.mplusb.eu\/it\/project\/canadissimo\/\",\"name\":\"CANADISSIMO - M+B\",\"isPartOf\":{\"@id\":\"https:\/\/www.mplusb.eu\/#website\"},\"datePublished\":\"2021-04-08T10:24:35+00:00\",\"dateModified\":\"2021-05-07T09:38:00+00:00\",\"breadcrumb\":{\"@id\":\"https:\/\/www.mplusb.eu\/it\/project\/canadissimo\/#breadcrumb\"},\"inLanguage\":\"it-IT\",\"potentialAction\":[{\"@type\":\"ReadAction\",\"target\":[\"https:\/\/www.mplusb.eu\/it\/project\/canadissimo\/\"]}]},{\"@type\":\"BreadcrumbList\",\"@id\":\"https:\/\/www.mplusb.eu\/it\/project\/canadissimo\/#breadcrumb\",\"itemListElement\":[{\"@type\":\"ListItem\",\"position\":1,\"name\":\"Home\",\"item\":\"https:\/\/www.mplusb.eu\/it\/\"},{\"@type\":\"ListItem\",\"position\":2,\"name\":\"CANADISSIMO\"}]},{\"@type\":\"WebSite\",\"@id\":\"https:\/\/www.mplusb.eu\/#website\",\"url\":\"https:\/\/www.mplusb.eu\/\",\"name\":\"M+B\",\"description\":\"\",\"potentialAction\":[{\"@type\":\"SearchAction\",\"target\":{\"@type\":\"EntryPoint\",\"urlTemplate\":\"https:\/\/www.mplusb.eu\/?s={search_term_string}\"},\"query-input\":\"required name=search_term_string\"}],\"inLanguage\":\"it-IT\"}]}<\/script>\n<!-- \/ Yoast SEO plugin. -->","yoast_head_json":{"title":"CANADISSIMO - M+B","robots":{"index":"index","follow":"follow","max-snippet":"max-snippet:-1","max-image-preview":"max-image-preview:large","max-video-preview":"max-video-preview:-1"},"canonical":"https:\/\/www.mplusb.eu\/it\/project\/canadissimo\/","og_locale":"it_IT","og_type":"article","og_title":"CANADISSIMO - M+B","og_description":"Padiglione Canada, 56. Biennale Arte di Venezia (2015), Giardini Biennale, Venezia","og_url":"https:\/\/www.mplusb.eu\/it\/project\/canadissimo\/","og_site_name":"M+B","article_modified_time":"2021-05-07T09:38:00+00:00","og_image":[{"width":900,"height":597,"url":"https:\/\/www.mplusb.eu\/wp-content\/uploads\/2021\/04\/006-min-1.jpg","type":"image\/jpeg"}],"twitter_card":"summary_large_image","schema":{"@context":"https:\/\/schema.org","@graph":[{"@type":"WebPage","@id":"https:\/\/www.mplusb.eu\/it\/project\/canadissimo\/","url":"https:\/\/www.mplusb.eu\/it\/project\/canadissimo\/","name":"CANADISSIMO - M+B","isPartOf":{"@id":"https:\/\/www.mplusb.eu\/#website"},"datePublished":"2021-04-08T10:24:35+00:00","dateModified":"2021-05-07T09:38:00+00:00","breadcrumb":{"@id":"https:\/\/www.mplusb.eu\/it\/project\/canadissimo\/#breadcrumb"},"inLanguage":"it-IT","potentialAction":[{"@type":"ReadAction","target":["https:\/\/www.mplusb.eu\/it\/project\/canadissimo\/"]}]},{"@type":"BreadcrumbList","@id":"https:\/\/www.mplusb.eu\/it\/project\/canadissimo\/#breadcrumb","itemListElement":[{"@type":"ListItem","position":1,"name":"Home","item":"https:\/\/www.mplusb.eu\/it\/"},{"@type":"ListItem","position":2,"name":"CANADISSIMO"}]},{"@type":"WebSite","@id":"https:\/\/www.mplusb.eu\/#website","url":"https:\/\/www.mplusb.eu\/","name":"M+B","description":"","potentialAction":[{"@type":"SearchAction","target":{"@type":"EntryPoint","urlTemplate":"https:\/\/www.mplusb.eu\/?s={search_term_string}"},"query-input":"required name=search_term_string"}],"inLanguage":"it-IT"}]}},"_links":{"self":[{"href":"https:\/\/www.mplusb.eu\/it\/wp-json\/wp\/v2\/project\/3384","targetHints":{"allow":["GET"]}}],"collection":[{"href":"https:\/\/www.mplusb.eu\/it\/wp-json\/wp\/v2\/project"}],"about":[{"href":"https:\/\/www.mplusb.eu\/it\/wp-json\/wp\/v2\/types\/project"}],"author":[{"embeddable":true,"href":"https:\/\/www.mplusb.eu\/it\/wp-json\/wp\/v2\/users\/2"}],"version-history":[{"count":3,"href":"https:\/\/www.mplusb.eu\/it\/wp-json\/wp\/v2\/project\/3384\/revisions"}],"predecessor-version":[{"id":4663,"href":"https:\/\/www.mplusb.eu\/it\/wp-json\/wp\/v2\/project\/3384\/revisions\/4663"}],"wp:featuredmedia":[{"embeddable":true,"href":"https:\/\/www.mplusb.eu\/it\/wp-json\/wp\/v2\/media\/3404"}],"wp:attachment":[{"href":"https:\/\/www.mplusb.eu\/it\/wp-json\/wp\/v2\/media?parent=3384"}],"wp:term":[{"taxonomy":"service","embeddable":true,"href":"https:\/\/www.mplusb.eu\/it\/wp-json\/wp\/v2\/service?post=3384"}],"curies":[{"name":"wp","href":"https:\/\/api.w.org\/{rel}","templated":true}]}}

<p style="text-align: center;"><h2 id="" class="title title--m text-center"><strong>CANADISSIMO</strong></h2>
<h3 id="" class="title title--subtitle text-center">
<p style="text-align: center;"><span style="font-weight: 400;">Padiglione Canada, 56. Biennale Arte di Venezia (2015), Giardini Biennale, Venezia</span></p>
<p style="text-align: center;"></h3>
<p style="text-align: center;">Artista: BGL art collective &#8211; Jasmin Bilodeau, Sébastien Giguère, Nicolas Lavardière<br />
Curatore: Marie Fraser<br />
Commissario: Mark Mayer<br />
Organizzato da: National Gallery of Canada</p>
